, 3
Suppose 135 = -p + 4*p. List the prime factors of p.
3, 5
Let b = -10 - -14. Suppose -b*l + l = -15. List the prime factors of l.
5
Suppose 5*w - 5*o = 55, 5 + 26 = 5*w + 3*o. Suppose 72 - w = 4*l. List the prime factors of l.
2
Suppose -4*a - a = 0. Suppose 3*g + 0 = -2*d + 12, 5*d = a. Suppose t = -t + g. List the prime factors of t.
2
Suppose -4*o - 4*n = 12, -5*o - 5*n = -4*o - 13. What are the prime factors of (-93)/o - (-14)/(-49)?
13
Let d be 16/6 + 2/6. Let p(o) be the first derivative of o**4/4 - 2*o**3/3 - o**2 + 3*o - 7. What are the prime factors of p(d)?
2, 3
Let v = -11 + 1. Let l(a) = -a**2 - 10*a + 3. Let m be l(v). Suppose 4*d - m*h = 28, -3*h + 21 = 2*d + d. List the prime factors of d.
7
Let g(s) = -s**3 + 10*s**2 + s - 6. Let q be g(10). Suppose 3*j + 5*b = 30, q*j - 50 = -j + 4*b. List the prime factors of j.
2, 5
Let s(z) = -10*z - 29. List the prime factors of s(-18).
151
Let b be 0 - 6/(-3) - 2. Suppose 4*i + b*z - 69 = z, -47 = -3*i - 4*z. What are the prime factors of i?
17
What are the prime factors of 1 - 35/7*(-38)/2?
2, 3
Let y(b) = -1 - 10*b + 1. Let p be y(-6). Suppose 0 = -i + 3*x + 24, -p = -5*i + i + 3*x. List the prime factors of i.
2, 3
Let c be 4/(-8) - (-45)/2. What are the prime factors of (c/1)/(1*2)?
11
Let v be -1*-1*(14 + -1). Suppose v = 3*u + 4. List the prime factors of 2 + (0 + u - -2).
7
Let f(i) = i**3. Let z be f(0). Suppose -2*g = -4*n - 32, z = -3*n - 4 + 1. What are the prime factors of g?
2, 7
Suppose 3*p - 20 = 16. List the prime factors of p.
2, 3
Let y = 3 + 18. Let h be (3/2)/(y/(-28)). Let l(v) = -v**3 + v - 2. List the prime factors of l(h).
2
List the prime factors of 2/9 + (-322)/(-9).
2, 3
Suppose -x + 5*i + 12 = 0, 3*i = 3*x + 2*i - 22. List the prime factors of (-25)/(-2) + x/14.
13
Suppose 3*k - 60 = 7*k. Let v be k*2/((-18)/3). Suppose -42 = -v*f + 28. What are the prime factors of f?
2, 7
List the prime factors of ((-32)/20)/(-4)*15.
2, 3
Let u = 8 + -5. Suppose -u*x + 4*j + 61 = 18, 5*x - 4*j = 77. What are the prime factors of x?
17
Let p be 2/2*3/(-3). Let o(v) = -18*v - 1. Let y be o(p). Let c = 29 - y. List the prime factors of c.
2, 3
Suppose 2*q - 13 + 82 = l, 197 = 3*l - 4*q. What are the prime factors of l?
59
Let j = 190 - 127. List the prime factors of j.
3, 7
Let j = -18 + 31. Let x = j + -6. What are the prime factors of x?
7
Let k(d) = d**3 - 2*d**2 - 2*d + 4. Let w be k(3). Let b(i) be the second derivative of i**3/3 - 4*i**2 - 17*i. What are the prime factors of b(w)?
2, 3
Let g(c) = c + 5. Let h be g(-5). Let t = h + 9. What are the prime factors of t?
3
Suppose 2*n + 3*n = 95. List the prime factors of n.
19
Let y be (-2)/2 + 18/2. Let b = y - 24. Let n = -7 - b. What are the prime factors of n?
3
Let q = -22 - -18. Let u(x) = -9*x + 10. What are the prime factors of u(q)?
2, 23
Suppose -2*f = 2*f + 3*r - 105, -5*r = -3*f + 115. List the prime factors of f.
2, 3, 5
Let t = 23 + -34. Let q(z) = -z + 8. What are the prime factors of q(t)?
19
Let a(k) = 8*k**2 + 6*k + 2. Let s(h) = -4*h**2 - 3*h - 1. Let w(o) = 6*a(o) + 11*s(o). Let j be w(-2). Suppose -i = -0*i - j. List the prime factors of i.
11
Let b = 58 - -20. List the prime factors of b.
2, 3, 13
Let h = 63 - -185. What are the prime factors of h?
2, 31
Suppose -32 = -4*k - 12. Suppose 4*n - 27 = 1. Suppose -k*o + 52 - n = 0. List the prime factors of o.
3
Let i = 7 + -5. Suppose -l - i = -33. Suppose 0 = 4*x - 83 + l. What are the prime factors of x?
13
Let l(k) = -k**3 + 8*k**2 - 6*k + 4. Let h be -14*(2 - 21/6). Suppose -5*r - h = -8*r. What are the prime factors of l(r)?
11
Let b(o) = -8*o - 1. Let c be b(-2). Suppose -7*i + 2*i = -c. Suppose 4*h - 4*r - 40 = 0, i*h + 2*r - 2 = 8. List the prime factors of h.
2, 3
Suppose r - 3*c = 0, -6*r + 2*r + 2*c + 10 = 0. Suppose -3*t - 2*t = -25, r*p + t - 230 = 0. Suppose -n + p = 4*n. List the prime factors of n.
3, 5
Let n = -28 - -92. Suppose -4*z = 4*m + n, 39 = -2*z + 2*m + 3*m. Let a = -7 - z. List the prime factors of a.
2, 5
Let z be 1 - (-4)/(-1) - -13. Let t(m) = m + 3. List the prime factors of t(z).
13
Let t(y) = -17*y**3 + y**2 + 2*y + 1. Suppose 0 = 4*f - 8, 2*f + 9 = -5*d + 4*f. What are the prime factors of t(d)?
17
Let l(v) = v**3 + 9*v**2 + 6*v + 8. Let a = 12 - 20. Let h be l(a). List the prime factors of (2/(-4))/((-6)/h).
2
Let q be -1 + 5 - (-1 - 1). Let y be (2/q)/(2/6). Suppose -t + 11 = -y. What are the prime factors of t?
2, 3
Let q(k) = 15*k**2 + 2*k - 1. Let n(p) = p**2 - 6*p + 6. Let f be n(4). List the prime factors of q(f).
5, 11
What are the prime factors of (-12)/(-8)*408/9?
2, 17
Let s(w) = 30*w**2 + 2*w - 1. Let f be s(1). Let k = f - 17. List the prime factors of k.
2, 7
Let x = 8 - -9. List the prime factors of x.
17
Let b(v) = -v - 5. Let j be b(-9). List the prime factors of 2 - 8/j - -14.
2, 7
Let b(d) = -d. Let g be b(-5). Suppose g*r = 3*r + 4. Suppose 3 = a + r*u, 3*a - 2*u - 9 = -u. List the prime factors of a.
3
Let u(m) = m**3 + 5*m**2 - 5*m - 5. Let w be u(-5). Suppose 5*l = w, 0 = -x - l + 2*l - 10. What are the prime factors of (-9)/x*8 - 2?
2, 5
Let m(q) be the third derivative of q**6/120 - q**5/12 + q**4/24 + 2*q**3/3 + q**2. Let n be (-10)/(-2)*(-2 - -3). List the prime factors of m(n).
3
Let n be ((-3)/(-9))/((-2)/(-12)). List the prime factors of (5/n)/(5/40).
2, 5
Let t be ((-7)/5 + 1)*5. Let b(h) be the second derivative of h**4/3 + h**3/2 + 2*h. List the prime factors of b(t).
2, 5
Let p = 84 + -79. List the prime factors of p.
5
Suppose -3*o + 2*r = -16, 5*r + 5 = 5*o + 6*r. List the prime factors of o.
2
Let q be ((-10)/15)/((-2)/6). Let c(x) = 16*x - 1. What are the prime factors of c(q)?
31
Let y = -120 + 169. What are the prime factors of y?
7
Let y = 7 + -5. Suppose y*p + 14 = 3*p. What are the prime factors of p?
2, 7
Let n(a) = -11*a - 13. List the prime factors of n(-7).
2
Let b(x) = x**3 + 11*x**2 - 2*x - 7. What are the prime factors of b(-11)?
3, 5
Let q(i) = 2*i**2 - 5*i + 1. What are the prime factors of q(-5)?
2, 19
Suppose -3*r + 1 = 7, -37 = -3*u + 5*r. List the prime factors of (-1 + u)/4 - -18.
2, 5
Suppose u - 5*d = 16, -5*u - 5*d + 36 = -4*u. Let g = -14 + u. What are the prime factors of 136/g*(-3)/(-2)?
17
Let q be 20/1*6/8. Suppose 0 = 4*h + 4*k - 44, q = 5*h - 8*k + 3*k. What are the prime factors of h?
7
Suppose 5*m + w + 3*w - 186 = 0, 4*m = -w + 140. Let n = m - 16. List the prime factors of n.
2, 3
Suppose 2*f + 2*f - 2*x = 60, 0 = -2*f + 4*x + 18. List the prime factors of f.
17
Let c = 25 + -10. What are the prime factors of c?
3, 5
Let p be -18*(-3 - (0 + -2)). Let r = 32 - p. List the prime factors of r.
2, 7
Let x(s) = s**2 + 9*s + 2. What are the prime factors of x(-10)?
2, 3
Let z = -13 - -46. Suppose i = -2*i + z. List the prime factors of i.
11
Let s be 0 + (-2)/(2/(-25)). Suppose -a = -s + 3. List the prime factors of a.
2, 11
Suppose -454 = -3*v + 5*s - 25, -v + 2*s + 144 = 0. List the prime factors of v.
2, 3, 23
Let g(h) = -h + 1. Let a be g(-2). Suppose -r + 5*n + 56 = 0, n + a*n = -4*r + 104. List the prime factors of r.
31
Suppose -1165 = 8*o - 3725. What are the prime factors of o?
2, 5
Suppose 0 = -4*t - 14 + 2. Let x be (40/(-6))/(1/t). What are the prime factors of x - (-2 - (0 - 2))?
2, 5
Let d = -12 + 20. Let m = d - 7. Let f(n) = 8*n**2 - n. List the prime factors of f(m).
7
Let p be (-37)/(-3) - 2/6. Let x be (15 + -16)/((-2)/40). Let y = x - p. What are the prime factors of y?
2
Suppose 0 = -6*n + 9*n - 318. What are the prime factors of n?
2, 53
Suppose 3*j + 0*j = -2*m + 480, 3*j + 750 = 3*m. What are the prime factors of m?
2, 3, 41
Suppose -4*u - 5*f + 212 = 0, -u + 4*u + 2*f = 159. What are the prime factors of u?
53
Let f = 24 - 15. List the prime factors of f - (3 - (3 + 1)).
2, 5
Suppose 0 = -2*k + 2*x + 352, -2*k + 2*x - 728 = -6*k. List the prime factors of k.
2, 3, 5
Let j = 21 + 309. List the prime factors of j.
2, 3, 5, 11
What are the prime factors of ((-9)/(-18))/(2/12)?
3
Let n(a) = 3*a - 11. List the prime factors of n(5).
2
Let x(t) = 22*t. Let z be x(2). Let a = z + 0. List the prime factors of a.
2, 11
Let o(d) = -3*d - 7. Let j be o(6). Let k be (-35)/j - (-4)/(-10). What are the prime factors of k/2 - (-34)/4?
3
Suppos